 - 269. Calculate r(-25).
81
Let t(y) = 3*y**2 - 263*y + 1478. Calculate t(82).
84
Let n(l) = l**3 + 35*l**2 - 382*l - 3650. Give n(-42).
46
Let p(d) = -566*d**2 - 24326*d + 514. Calculate p(-43).
-2
Let v(n) = n**2 + 443*n + 45930. Give v(-161).
528
Let b(i) = i**3 - 11*i**2 + 22849*i - 114088. Calculate b(5).
7
Let s(x) = -4*x**2 + 35219*x - 176014. Give s(5).
-19
Let o(m) = 48*m**2 - 32905*m - 65819. Calculate o(-2).
183
Let t(d) = -11*d**2 + 26701*d - 133273. Calculate t(5).
-43
Let b(j) = 2*j**3 + 232*j**2 - 3928*j + 286. What is b(-131)?
24
Let s(b) = -110*b - 12952. Give s(-111).
-742
Let u(b) = -13*b**2 - 806*b - 758. Calculate u(-61).
35
Let q(t) = -223*t**2 - 50*t + 191. Determine q(4).
-3577
Let t(s) = 2250*s - 7975. Give t(4).
1025
Let b(j) = -j**3 + 758*j**2 - 861*j + 1229603. Give b(759).
23
Let f(h) = -262*h**2 - 44*h + 21. Determine f(1).
-285
Let w(u) = -2*u**2 - 480467*u - 2882795. Calculate w(-6).
-65
Let v(s) = -144722*s + 723481. Determine v(5).
-129
Let y(c) = -c**3 - 488*c**2 - 1421*c + 16629. Give y(-485).
139
Let b(f) = 121*f**2 - 28*f - 29. Give b(-1).
120
Let y(c) = 1098*c**2 - 26569*c + 5212. What is y(24)?
4
Let y(x) = x**2 - 310*x + 7929. Determine y(28).
33
Let n(d) = 11067*d - 22020. Determine n(2).
114
Let v(s) = -73397*s**2 + 1100954*s + 20. Give v(15).
5
Let h(l) = -9*l**2 - 12626*l - 112840. Determine h(-9).
65
Let i(h) = -2*h**2 + 1900*h - 263971. Give i(169).
7
Let y(l) = -4*l**3 + 786*l**2 - 348*l - 8768. Determine y(196).
-144
Let g(q) = 1248*q - 3676. Give g(3).
68
Let z(i) = -193*i**2 + 11255*i + 7765. What is z(59)?
-23
Let q(z) = -11829*z - 70940. What is q(-6)?
34
Let j(c) = 1001*c - 91188. What is j(91)?
-97
Let q(a) = 8*a**2 - 98751*a - 197498. Determine q(-2).
36
Let d(y) = -2*y**3 + 73*y**2 - 55*y - 1927. Determine d(35).
-177
Let a(y) = -y**3 - 296*y**2 - 291*y + 106. Give a(-295).
-1074
Let x(a) = 3769*a + 211074. Calculate x(-56).
10
Let b(n) = -n**3 + 123*n**2 - 352*n - 4. What is b(3)?
20
Let q(n) = -5*n**2 - 3351*n + 44241. Calculate q(13).
-167
Let c(d) = -28*d**3 + 139*d**2 - 1238*d + 6196. What is c(5)?
-19
Let a(x) = 30*x**2 + 457*x - 3784. Give a(8).
1792
Let o(k) = -6043*k + 72387. Calculate o(12).
-129
Let d(z) = -z**3 + 919*z**2 - 6343*z + 4980150. Give d(918).
0
Let n(x) = -10885*x - 11132. Determine n(-1).
-247
Let x(j) = 4972*j - 59612. Determine x(12).
52
Let g(f) = 211*f + 7598. What is g(-32)?
846
Let b(m) = -19*m**2 + 716*m + 4326. What is b(-6)?
-654
Let n(a) = -3508*a**2 + 242*a + 234. Give n(-1).
-3516
Let z(n) = 4389*n**2 - 30745*n + 169. Calculate z(7).
15
Let v(o) = 3017513*o + 21122609. Calculate v(-7).
18
Let a(j) = -5454*j - 54549. Give a(-10).
-9
Let y(o) = -4*o**2 - 103*o - 44. Give y(-26).
-70
Let d(i) = 2871*i - 13013. Give d(5).
1342
Let c(x) = -2*x**3 + 25*x**2 + 10*x - 238. Determine c(12).
26
Let c(z) = -3*z**3 + 1338*z**2 + 16492*z - 1817. Give c(458).
15
Let l(m) = -2*m**3 + 30*m**2 - 549*m + 8063. Calculate l(15).
-172
Let y(w) = -19*w**2 + 59*w + 192. Determine y(-7).
-1152
Let i(g) = -g**3 + 33*g**2 + 692*g - 22350. Give i(34).
22
Let m(b) = -10*b**2 - 6601*b + 39918. Give m(6).
-48
Let k(m) = -289*m + 28899. Determine k(100).
-1
Let z(v) = -6*v**2 + 136*v - 2739. Give z(18).
-2235
Let w(i) = 12*i**3 - 35*i**2 - 78*i - 28. Calculate w(-1).
3
Let k(i) = -1915124*i - 19151244. Give k(-10).
-4
Let s(c) = -116*c**2 + 3*c - 702. What is s(0)?
-702
Let v(q) = -16*q + 2134. Determine v(125).
134
Let t(w) = 521*w - 16313. What is t(32)?
359
Let n(h) = 24144*h - 168910. Determine n(7).
98
Let l(t) = 23224*t - 441297. Give l(19).
-41
Let w(h) = 232*h**2 - 71684*h - 1238. What is w(309)?
-2
Let p(h) = -5291*h - 21276. Calculate p(-4).
-112
Let r(k) = -1260*k + 93093. Give r(74).
-147
Let l(q) = 8*q**2 + 10*q - 429. Determine l(8).
163
Let k(w) = -2*w**2 - 207*w - 1531. Give k(-6).
-361
Let g(n) = 1979*n**3 - 14*n**2 - 54*n + 67. What is g(1)?
1978
Let o(h) = 545*h**2 - 26*h + 24. Calculate o(1).
543
Let g(p) = 8*p**3 - 56*p**2 - 140*p + 627. What is g(8)?
19
Let f(m) = -9*m**2 + 1497*m + 700. Calculate f(167).
-302
Let b(k) = -2*k**3 + 63*k**2 - 1561*k + 47411. What is b(31)?
-19
Let t(a) = 5*a**2 + 145*a + 1052. What is t(-19)?
102
Let q(y) = -62*y + 7662. What is q(124)?
-26
Let j(h) = h**2 + 192*h + 8296. Calculate j(-64).
104
Let u(m) = -8*m**2 - 1642*m - 24048. What is u(-16)?
176
Let g(l) = -146201*l + 1023388. What is g(7)?
-19
Let z(n) = -7*n**3 - 84*n**2 - 81*n - 15. Give z(-11).
29
Let v(b) = -770*b**3 - 3*b**2 - 158*b - 156. Determine v(-1).
769
Let v(j) = j**2 + 180*j + 7987. Determine v(-117).
616
Let k(y) = 2*y**3 - 124*y**2 - 1582*y + 10210. Calculate k(72).
-14
Let f(g) = -g**3 + 41*g**2 + 464*g - 23835. Determine f(34).
33
Let a(k) = -613040*k - 3678236. Calculate a(-6).
4
Let n(u) = -18742*u - 1574329. What is n(-84)?
-1
Let f(l) = -79063*l + 3557833. Determine f(45).
-2
Let s(u) = -2420*u + 16915. What is s(7)?
-25
Let o(w) = -11*w**3 - 57*w**2 - 225*w - 1043. Determine o(-5).
32
Let u(d) = 21235*d + 764462. What is u(-36)?
2
Let m(y) = -13*y**3 - 4*y**2 + 79*y + 259. Calculate m(-3).
337
Let y(p) = -750*p + 30007. Determine y(40).
7
Let g(h) = 10004*h - 140213. Determine g(14).
-157
Let u(m) = 61*m - 2921. Calculate u(49).
68
Let o(b) = 1439*b + 4297. Determine o(-3).
-20
Let d(v) = 2*v**3 + 4*v**2 + 1594*v - 1597. Calculate d(1).
3
Let r(u) = u**3 - 810*u**2 - 1411*u - 172959. Give r(812).
-3
Let p(v) = 325154*v**2 - 2276095*v + 114. Give p(7).
-5
Let i(s) = -23*s**2 + 187*s + 1072. Give i(11).
346
Let x(k) = -2*k**3 - 14*k**2 - 7*k + 627. Calculate x(0).
627
Let w(b) = 1137*b + 65928. Calculate w(-58).
-18
Let f(u) = -u**2 - 4290*u + 60258. What is f(14)?
2
Let m(q) = 5*q**3 - 476*q**2 + 64*q + 2971. Calculate m(95).
26
Let o(f) = -8366*f - 275934. What is o(-33)?
144
Let c(j) = 25*j**2 - 104*j - 1001. Give c(-10).
2539
Let n(t) = -8*t - 1120. Give n(-61).
-632
Let b(a) = -41*a**3 + 653*a**2 + 3290*a - 28. What is b(-5)?
4972
Let h(g) = -23390*g - 7882422. Calculate h(-337).
8
Let r(p) = p**2 + 23*p + 35. Calculate r(-31).
283
Let w(b) = 5*b**2 - 25312*b - 279034. Give w(-11).
3
Let r(g) = -1674*g + 371620. Calculate r(222).
-8
Let o(s) = -21*s**2 + 11891*s - 35684. What is o(3)?
-200
Let d(r) = r**2 + 26566*r + 4932884. Calculate d(-187).
11
Let s(d) = 4067*d - 29159. Give s(8).
3377
Let p(l) = -3*l**2 + 85*l + 1744. Give p(-14).
-34
Let m(c) = c**2 + 121*c - 42751. Calculate m(155).
29
Let l(d) = 8*d**2 - 19491*d - 274446. Calculate l(-14).
-4
Let c(w) = w**3 - 9*w**2 - 154*w + 1327. Determine c(9).
-59
Let x(j) = 3*j**2 + 564*j - 11759. Calculate x(19).
40
Let f(x) = 7*x**2 - 31*x - 212. Calculate f(-5).
118
Let z(f) = f**2 + 280*f - 206037. Calculate z(335).
-12
Let u(y) = 52*y**2 - 4617*y - 1147. Calculate u(89).
-168
Let p(c) = -10*c**3 + 12*c**2 + 15*c - 81. Give p(4).
-469
Let v(o) = -8*o**2 + 168*o + 4. Give v(7).
788
Let f(d) = -2*d**3 - 32*d**2 + 672*d - 77. Give f(-28).
-77
Let s(j) = 2422*j - 41776. Calculate s(17).
-602
Let p(u) = -30538*u - 274841. Determine p(-9).
1
Let u(m) = -m**2 - 180375*m + 2164647. Calculate u(12).
3
Let h(w) = -w**3 + 204*w**2 - 281*w + 57328. Determine h(204).
4
Let k(g) = g**2 + 1886*g - 589511. Determine k(273).
-104
Let s(v) = 49398*v - 3457899. Calculate s(70).
-39
Let h(s) = -83*s - 2261. Give h(-29).
146
Let z(s) = 4*s**2 + 1541*s + 61500. Calculate z(-340).
-40
Let q(y) = 155*y - 5280. Give q(39).
765
Let b(p) = 46*p**3 - 12*p**2 - 18*p - 46. Calculate b(-3).
-1342
Let j(s) = 5*s**2 + 475*s + 2139. Determine j(-90).
-111
Let d(w) = -7*w**2 - 60*w + 276. What is d(-8)?
308
Let p(j) = j**3 + 104*j**2 + 200*j + 195. Give p(-102).
603
Let u(f) = -221*f + 15301. Determine u(70).
-169
Let i(u) = -77*u + 297. Give i(39).
-2706
Let r(c) = 2704814*c - 16228854. Give r(6).
30
Let j(o) = -o**3 + 171*o**2 - 1282*o - 3581. Calculate j(163).
5
Let x(q) = -2165*q - 370119. Calculate x(-171).
96
Let a(p) = p**3 + 11*p**2 + 8476*p + 16940. Determine a(-2).
24
Let m(n) = 800*n + 6453. Give m(-8).
53
Let b(t) = 5*t**3 - 87*t**2 - 17*t - 17. What is b(17)?
-884
Let r(j) = 25670*j + 103147. Determine r(-4).
467
Let h(u) = -5*u**3 - 16*u**2 + 38*u + 22. Give h(3).
-143
Let c(a) = a**3 + 15*a**2 + 26*a + 84. Dete